{"id":13,"date":"2019-12-30T20:35:55","date_gmt":"2019-12-30T20:35:55","guid":{"rendered":"https:\/\/babaji-haus-graz.net\/?page_id=13"},"modified":"2020-01-29T17:33:05","modified_gmt":"2020-01-29T17:33:05","slug":"feuer","status":"publish","type":"page","link":"https:\/\/babaji-haus-graz.net\/?page_id=13","title":{"rendered":"Feuer"},"content":{"rendered":"<p>\n<!--StartFragment--><\/p>\n\n\n<h3 class=\"has-text-align-center wp-block-heading\">Havan Kund &#8211; Dhuni Feuerzeremonie<\/h3>\n\n\n\n<p>Jeden Morgen feiern wir  eine gro\u00dfe Feuerzeremonie, genannt HAVAN.  Diese uralte vedische Zeremonie ist ein kraftvolles Erlebnis f\u00fcr alle  Anwesenden. <\/p>\n\n\n\n<p>Es werden Fr\u00fcchte, Getreide, Blumen, R\u00e4ucherwerk und  Kokosn\u00fcsse geopfert als kleine Gabe an die Gro\u00dfe Mutter, die uns mit  unendlicher F\u00fclle n\u00e4hrt. Aber auch unser Ego, unsere Illusionen und  \u00c4ngste k\u00f6nnen von dem reinigenden Feuer transformiert werden. Wir  empfinden die Zeremonie als reinigend auf allen Ebenen und glauben, da\u00df  Transformation in subtilen Bereichen und in gro\u00dfem Umfang stattfindet.  Das Feuer transformiert in alchemistischer Weise Grob-stoffliches in  Feinstoffliches, Unerl\u00f6stes in Erl\u00f6stes&#8230;<br>Zu Fr\u00fchlings- und  Herbstbeginn -jeweils bei Neumond und nach dem indischen Kalender -sowie  von der Wintersonnenwende bis zum 1. J\u00e4nner feiern wir jeweils ein  Navaratri, ein Fest zu Ehren der G\u00f6ttlichen Mutter, das neun bzw.zu  Weihnachten 12 Tage dauert. Jeden Morgen wird ein Havan zelebriert und  am letzten Sonntag im Navaratri halten wir eine Lichterwache ab. Das ist  eine Zeit der intensiven Sadhana (spiritueller Praxis) und es empfiehlt  sich, w\u00e4hrend dieser Tage zu fasten. Fasten nicht nur beim Essen,  sondern auch beim Sprechen und Denken. Gerade dieses neunt\u00e4gige Fest mit  den neun Feuern ist f\u00fcr uns immer eine sehr starke innere Erfahrung,  die uns die M\u00f6glichkeit gibt, bewu\u00dft Dinge in unserem Leben zu ver\u00e4ndern  und neue Impulse zu setzen. Nach jeder dieser Feuerperioden k\u00f6nnen wir  erkennen, da\u00df wieder innere Schritte vollzogen wurden. Es wird gesagt,  da\u00df die G\u00f6ttliche Mutter in ihrer unendlichen Liebe und Hingabe f\u00fcr die  Menschen w\u00e4hrend dieser Zeit tief empfundene Herzensw\u00fcnsche erf\u00fcllt. Sri  Shastriji sagte, da\u00df alle spirituellen \u00dcbungen w\u00e4hrend dieser neun Tage  durch die Gnade der gro\u00dfen Mutter vertausendfacht werden.<br>Alle  Feuerzeremonien zelebrieren wir immer in tiefer Dankbarkeit f\u00fcr Sri  Babaji, der uns dieses alte Wissen wieder offenbart hat. Alle sind  herzlich eingeladen mitzufeiern.<\/p>\n\n\n<p><!--EndFragment--><\/p>\n\n\n<figure class=\"wp-block-image size-large\"><img data-recalc-dims=\"1\" loading=\"lazy\" decoding=\"async\" width=\"640\" height=\"426\" src=\"https:\/\/i0.wp.com\/babaji-haus-graz.net\/wp-content\/uploads\/2020\/01\/Dhuni-5.jpg?resize=640%2C426&#038;ssl=1\" alt=\"\" class=\"wp-image-171\" srcset=\"https:\/\/i0.wp.com\/babaji-haus-graz.net\/wp-content\/uploads\/2020\/01\/Dhuni-5.jpg?w=700&amp;ssl=1 700w, https:\/\/i0.wp.com\/babaji-haus-graz.net\/wp-content\/uploads\/2020\/01\/Dhuni-5.jpg?resize=300%2C200&amp;ssl=1 300w\" sizes=\"auto, (max-width: 640px) 100vw, 640px\" \/><\/figure>\n","protected":false},"excerpt":{"rendered":"<p>Havan Kund &#8211; Dhuni Feuerzeremonie Jeden Morgen feiern wir eine gro\u00dfe Feuerzeremonie, genannt HAVAN. Diese uralte vedische Zeremonie ist ein kraftvolles Erlebnis f\u00fcr alle Anwesenden. Es werden Fr\u00fcchte, Getreide, Blumen, R\u00e4ucherwerk und Kokosn\u00fcsse geopfert als kleine Gabe an die Gro\u00dfe Mutter, die uns mit unendlicher F\u00fclle n\u00e4hrt. Aber auch unser Ego, unsere Illusionen und \u00c4ngste [&hellip;]<\/p>\n","protected":false},"author":1,"featured_media":74,"parent":0,"menu_order":0,"comment_status":"closed","ping_status":"closed","template":"","meta":{"footnotes":""},"class_list":["post-13","page","type-page","status-publish","has-post-thumbnail","hentry"],"yoast_head":"<!-- This site is optimized with the Yoast SEO plugin v26.4 - https:\/\/yoast.com\/wordpress\/plugins\/seo\/ -->\n<title>Feuerzeremonie morgens an unserem Dhuni Babaji Haus Graz<\/title>\n<meta name=\"description\" content=\"Jeden Morgen feiern wir um 7.30 Uhr eine gro\u00dfe Feuerzeremonie, genannt HAVAN. Diese uralte vedische Zeremonie ist ein kraftvolles Erlebnis f\u00fcr Alle.\" \/>\n<meta name=\"robots\" content=\"index, follow, max-snippet:-1, max-image-preview:large, max-video-preview:-1\" \/>\n<link rel=\"canonical\" href=\"https:\/\/babaji-haus-graz.net\/?page_id=13\" \/>\n<meta property=\"og:locale\" content=\"de_DE\" \/>\n<meta property=\"og:type\" content=\"article\" \/>\n<meta property=\"og:title\" content=\"Feuerzeremonie morgens an unserem Dhuni Babaji Haus Graz\" \/>\n<meta property=\"og:description\" content=\"Jeden Morgen feiern wir um 7.30 Uhr eine gro\u00dfe Feuerzeremonie, genannt HAVAN. Diese uralte vedische Zeremonie ist ein kraftvolles Erlebnis f\u00fcr Alle.\" \/>\n<meta property=\"og:url\" content=\"https:\/\/babaji-haus-graz.net\/?page_id=13\" \/>\n<meta property=\"og:site_name\" content=\"Babaji Haus Graz\" \/>\n<meta property=\"article:modified_time\" content=\"2020-01-29T17:33:05+00:00\" \/>\n<meta property=\"og:image\" content=\"https:\/\/i0.wp.com\/babaji-haus-graz.net\/wp-content\/uploads\/2019\/12\/MahaShaktiDhuni2.jpg?fit=1600%2C507&ssl=1\" \/>\n\t<meta property=\"og:image:width\" content=\"1600\" \/>\n\t<meta property=\"og:image:height\" content=\"507\" \/>\n\t<meta property=\"og:image:type\" content=\"image\/jpeg\" \/>\n<meta name=\"twitter:card\" content=\"summary_large_image\" \/>\n<meta name=\"twitter:label1\" content=\"Gesch\u00e4tzte Lesezeit\" \/>\n\t<meta name=\"twitter:data1\" content=\"2\u00a0Minuten\" \/>\n<script type=\"application\/ld+json\" class=\"yoast-schema-graph\">{\"@context\":\"https:\/\/schema.org\",\"@graph\":[{\"@type\":\"WebPage\",\"@id\":\"https:\/\/babaji-haus-graz.net\/?page_id=13\",\"url\":\"https:\/\/babaji-haus-graz.net\/?page_id=13\",\"name\":\"Feuerzeremonie morgens an unserem Dhuni Babaji Haus Graz\",\"isPartOf\":{\"@id\":\"https:\/\/babaji-haus-graz.net\/#website\"},\"primaryImageOfPage\":{\"@id\":\"https:\/\/babaji-haus-graz.net\/?page_id=13#primaryimage\"},\"image\":{\"@id\":\"https:\/\/babaji-haus-graz.net\/?page_id=13#primaryimage\"},\"thumbnailUrl\":\"https:\/\/i0.wp.com\/babaji-haus-graz.net\/wp-content\/uploads\/2019\/12\/MahaShaktiDhuni2.jpg?fit=1600%2C507&ssl=1\",\"datePublished\":\"2019-12-30T20:35:55+00:00\",\"dateModified\":\"2020-01-29T17:33:05+00:00\",\"description\":\"Jeden Morgen feiern wir um 7.30 Uhr eine gro\u00dfe Feuerzeremonie, genannt HAVAN. Diese uralte vedische Zeremonie ist ein kraftvolles Erlebnis f\u00fcr Alle.\",\"breadcrumb\":{\"@id\":\"https:\/\/babaji-haus-graz.net\/?page_id=13#breadcrumb\"},\"inLanguage\":\"de\",\"potentialAction\":[{\"@type\":\"ReadAction\",\"target\":[\"https:\/\/babaji-haus-graz.net\/?page_id=13\"]}]},{\"@type\":\"ImageObject\",\"inLanguage\":\"de\",\"@id\":\"https:\/\/babaji-haus-graz.net\/?page_id=13#primaryimage\",\"url\":\"https:\/\/i0.wp.com\/babaji-haus-graz.net\/wp-content\/uploads\/2019\/12\/MahaShaktiDhuni2.jpg?fit=1600%2C507&ssl=1\",\"contentUrl\":\"https:\/\/i0.wp.com\/babaji-haus-graz.net\/wp-content\/uploads\/2019\/12\/MahaShaktiDhuni2.jpg?fit=1600%2C507&ssl=1\",\"width\":1600,\"height\":507},{\"@type\":\"BreadcrumbList\",\"@id\":\"https:\/\/babaji-haus-graz.net\/?page_id=13#breadcrumb\",\"itemListElement\":[{\"@type\":\"ListItem\",\"position\":1,\"name\":\"Home\",\"item\":\"https:\/\/babaji-haus-graz.net\/\"},{\"@type\":\"ListItem\",\"position\":2,\"name\":\"Feuer\"}]},{\"@type\":\"WebSite\",\"@id\":\"https:\/\/babaji-haus-graz.net\/#website\",\"url\":\"https:\/\/babaji-haus-graz.net\/\",\"name\":\"Babaji Haus Graz\",\"description\":\"DO WHAT YOU LOVE\",\"potentialAction\":[{\"@type\":\"SearchAction\",\"target\":{\"@type\":\"EntryPoint\",\"urlTemplate\":\"https:\/\/babaji-haus-graz.net\/?s={search_term_string}\"},\"query-input\":{\"@type\":\"PropertyValueSpecification\",\"valueRequired\":true,\"valueName\":\"search_term_string\"}}],\"inLanguage\":\"de\"}]}<\/script>\n<!-- \/ Yoast SEO plugin. -->","yoast_head_json":{"title":"Feuerzeremonie morgens an unserem Dhuni Babaji Haus Graz","description":"Jeden Morgen feiern wir um 7.30 Uhr eine gro\u00dfe Feuerzeremonie, genannt HAVAN. Diese uralte vedische Zeremonie ist ein kraftvolles Erlebnis f\u00fcr Alle.","robots":{"index":"index","follow":"follow","max-snippet":"max-snippet:-1","max-image-preview":"max-image-preview:large","max-video-preview":"max-video-preview:-1"},"canonical":"https:\/\/babaji-haus-graz.net\/?page_id=13","og_locale":"de_DE","og_type":"article","og_title":"Feuerzeremonie morgens an unserem Dhuni Babaji Haus Graz","og_description":"Jeden Morgen feiern wir um 7.30 Uhr eine gro\u00dfe Feuerzeremonie, genannt HAVAN. Diese uralte vedische Zeremonie ist ein kraftvolles Erlebnis f\u00fcr Alle.","og_url":"https:\/\/babaji-haus-graz.net\/?page_id=13","og_site_name":"Babaji Haus Graz","article_modified_time":"2020-01-29T17:33:05+00:00","og_image":[{"width":1600,"height":507,"url":"https:\/\/i0.wp.com\/babaji-haus-graz.net\/wp-content\/uploads\/2019\/12\/MahaShaktiDhuni2.jpg?fit=1600%2C507&ssl=1","type":"image\/jpeg"}],"twitter_card":"summary_large_image","twitter_misc":{"Gesch\u00e4tzte Lesezeit":"2\u00a0Minuten"},"schema":{"@context":"https:\/\/schema.org","@graph":[{"@type":"WebPage","@id":"https:\/\/babaji-haus-graz.net\/?page_id=13","url":"https:\/\/babaji-haus-graz.net\/?page_id=13","name":"Feuerzeremonie morgens an unserem Dhuni Babaji Haus Graz","isPartOf":{"@id":"https:\/\/babaji-haus-graz.net\/#website"},"primaryImageOfPage":{"@id":"https:\/\/babaji-haus-graz.net\/?page_id=13#primaryimage"},"image":{"@id":"https:\/\/babaji-haus-graz.net\/?page_id=13#primaryimage"},"thumbnailUrl":"https:\/\/i0.wp.com\/babaji-haus-graz.net\/wp-content\/uploads\/2019\/12\/MahaShaktiDhuni2.jpg?fit=1600%2C507&ssl=1","datePublished":"2019-12-30T20:35:55+00:00","dateModified":"2020-01-29T17:33:05+00:00","description":"Jeden Morgen feiern wir um 7.30 Uhr eine gro\u00dfe Feuerzeremonie, genannt HAVAN. Diese uralte vedische Zeremonie ist ein kraftvolles Erlebnis f\u00fcr Alle.","breadcrumb":{"@id":"https:\/\/babaji-haus-graz.net\/?page_id=13#breadcrumb"},"inLanguage":"de","potentialAction":[{"@type":"ReadAction","target":["https:\/\/babaji-haus-graz.net\/?page_id=13"]}]},{"@type":"ImageObject","inLanguage":"de","@id":"https:\/\/babaji-haus-graz.net\/?page_id=13#primaryimage","url":"https:\/\/i0.wp.com\/babaji-haus-graz.net\/wp-content\/uploads\/2019\/12\/MahaShaktiDhuni2.jpg?fit=1600%2C507&ssl=1","contentUrl":"https:\/\/i0.wp.com\/babaji-haus-graz.net\/wp-content\/uploads\/2019\/12\/MahaShaktiDhuni2.jpg?fit=1600%2C507&ssl=1","width":1600,"height":507},{"@type":"BreadcrumbList","@id":"https:\/\/babaji-haus-graz.net\/?page_id=13#breadcrumb","itemListElement":[{"@type":"ListItem","position":1,"name":"Home","item":"https:\/\/babaji-haus-graz.net\/"},{"@type":"ListItem","position":2,"name":"Feuer"}]},{"@type":"WebSite","@id":"https:\/\/babaji-haus-graz.net\/#website","url":"https:\/\/babaji-haus-graz.net\/","name":"Babaji Haus Graz","description":"DO WHAT YOU LOVE","potentialAction":[{"@type":"SearchAction","target":{"@type":"EntryPoint","urlTemplate":"https:\/\/babaji-haus-graz.net\/?s={search_term_string}"},"query-input":{"@type":"PropertyValueSpecification","valueRequired":true,"valueName":"search_term_string"}}],"inLanguage":"de"}]}},"jetpack_sharing_enabled":true,"_links":{"self":[{"href":"https:\/\/babaji-haus-graz.net\/index.php?rest_route=\/wp\/v2\/pages\/13","targetHints":{"allow":["GET"]}}],"collection":[{"href":"https:\/\/babaji-haus-graz.net\/index.php?rest_route=\/wp\/v2\/pages"}],"about":[{"href":"https:\/\/babaji-haus-graz.net\/index.php?rest_route=\/wp\/v2\/types\/page"}],"author":[{"embeddable":true,"href":"https:\/\/babaji-haus-graz.net\/index.php?rest_route=\/wp\/v2\/users\/1"}],"replies":[{"embeddable":true,"href":"https:\/\/babaji-haus-graz.net\/index.php?rest_route=%2Fwp%2Fv2%2Fcomments&post=13"}],"version-history":[{"count":6,"href":"https:\/\/babaji-haus-graz.net\/index.php?rest_route=\/wp\/v2\/pages\/13\/revisions"}],"predecessor-version":[{"id":174,"href":"https:\/\/babaji-haus-graz.net\/index.php?rest_route=\/wp\/v2\/pages\/13\/revisions\/174"}],"wp:featuredmedia":[{"embeddable":true,"href":"https:\/\/babaji-haus-graz.net\/index.php?rest_route=\/wp\/v2\/media\/74"}],"wp:attachment":[{"href":"https:\/\/babaji-haus-graz.net\/index.php?rest_route=%2Fwp%2Fv2%2Fmedia&parent=13"}],"curies":[{"name":"wp","href":"https:\/\/api.w.org\/{rel}","templated":true}]}}